, 41
List the prime factors of 185384.
2, 23173
List the prime factors of 1400988.
2, 3, 313, 373
List the prime factors of 19472115.
3, 5, 13, 61, 1637
What are the prime factors of 4917003?
3, 7, 13, 31, 83
What are the prime factors of 290975?
5, 103, 113
What are the prime factors of 26131?
7, 3733
What are the prime factors of 302181?
3, 11, 9157
List the prime factors of 6109876.
2, 827, 1847
List the prime factors of 6138920.
2, 5, 167, 919
What are the prime factors of 422232?
2, 3, 73, 241
List the prime factors of 1978044.
2, 3, 164837
What are the prime factors of 6173999?
13, 474923
What are the prime factors of 357911?
71
What are the prime factors of 2774289?
3, 7, 132109
List the prime factors of 23862.
2, 3, 41, 97
List the prime factors of 2197687.
43, 51109
What are the prime factors of 7272342?
2, 3, 7, 11, 53
What are the prime factors of 146080?
2, 5, 11, 83
What are the prime factors of 1555523?
1555523
What are the prime factors of 12167835?
3, 5, 17, 47717
What are the prime factors of 1579239?
3, 227, 773
What are the prime factors of 4896612?
2, 3, 7, 17, 127
List the prime factors of 301166.
2, 150583
List the prime factors of 1123012.
2, 11, 25523
What are the prime factors of 11256735?
3, 5, 7, 47, 2281
What are the prime factors of 1019485?
5, 203897
What are the prime factors of 1610190?
2, 3, 5, 17891
List the prime factors of 676353.
3, 131, 1721
List the prime factors of 1557240.
2, 3, 5, 19, 683
What are the prime factors of 1542439?
19, 81181
List the prime factors of 1619907.
3, 719, 751
What are the prime factors of 339142?
2, 37, 4583
What are the prime factors of 2344505?
5, 19, 23, 29, 37
List the prime factors of 3624.
2, 3, 151
List the prime factors of 340337.
340337
What are the prime factors of 10677699?
3, 1186411
What are the prime factors of 25672961?
71, 229, 1579
What are the prime factors of 125948?
2, 23, 37
List the prime factors of 3671451.
3, 7, 101, 577
List the prime factors of 9579488.
2, 299359
List the prime factors of 9273638.
2, 11, 43, 9803
What are the prime factors of 162918?
2, 3, 7, 431
What are the prime factors of 22896907?
11, 2081537
What are the prime factors of 2276293?
2276293
List the prime factors of 11478063.
3, 89, 42989
List the prime factors of 12268178.
2, 13, 471853
What are the prime factors of 127388?
2, 31847
What are the prime factors of 72202?
2, 13, 2777
List the prime factors of 221371.
31, 37, 193
List the prime factors of 7999.
19, 421
List the prime factors of 4550023.
47, 131, 739
List the prime factors of 12270714.
2, 3, 181, 11299
List the prime factors of 1577333.
53, 29761
List the prime factors of 23635202.
2, 17, 19, 36587
List the prime factors of 670256.
2, 163, 257
What are the prime factors of 1654699?
67, 24697
List the prime factors of 14078156.
2, 3519539
List the prime factors of 5054306.
2, 43, 58771
List the prime factors of 5247845.
5, 1049569
What are the prime factors of 62259?
3, 20753
List the prime factors of 859190.
2, 5, 151, 569
What are the prime factors of 22409206?
2, 41, 273283
What are the prime factors of 348149?
348149
List the prime factors of 626261.
626261
What are the prime factors of 1619755?
5, 323951
List the prime factors of 134776.
2, 17, 991
List the prime factors of 26348.
2, 7, 941
List the prime factors of 6662469.
3, 11, 201893
List the prime factors of 22736449.
191, 119039
What are the prime factors of 25055?
5, 5011
List the prime factors of 171492.
2, 3, 31, 461
What are the prime factors of 1310121?
3, 48523
List the prime factors of 1963642.
2, 101, 9721
List the prime factors of 8992206.
2, 3, 19, 26293
What are the prime factors of 4112033?
859, 4787
List the prime factors of 1478189.
1478189
What are the prime factors of 111427?
111427
What are the prime factors of 6245027?
571, 10937
List the prime factors of 6696268.
2, 1674067
List the prime factors of 142915.
5, 101, 283
What are the prime factors of 42658107?
3, 43, 330683
What are the prime factors of 4612?
2, 1153
List the prime factors of 4481.
4481
List the prime factors of 33709656.
2, 3, 1404569
What are the prime factors of 134230?
2, 5, 31, 433
What are the prime factors of 17007007?
251, 67757
List the prime factors of 9379279.
7, 13, 103069
What are the prime factors of 5603345?
5, 11, 101879
What are the prime factors of 138052?
2, 34513
What are the prime factors of 61426?
2, 30713
What are the prime factors of 162071?
7, 13, 137
List the prime factors of 18566285.
5, 97, 38281
List the prime factors of 3852158.
2, 1926079
List the prime factors of 846931.
846931
List the prime factors of 188391.
3, 7, 8971
What are the prime factors of 966383?
11, 87853
What are the prime factors of 3475568?
2, 217223
What are the prime factors of 10262907?
3, 19, 60017
List the prime factors of 237314.
2, 7, 11, 23, 67
What are the prime factors of 3031764?
2, 3, 467, 541
What are the prime factors of 12275627?
7, 13, 2753
What are the prime factors of 753824?
2, 23557
List the prime factors of 15740872.
2, 7, 103, 2729
List the prime factors of 4750016.
2, 74219
What are the prime factors of 8419982?
2, 4209991
What are the prime factors of 14957235?
3, 5, 379, 877
What are the prime factors of 151742?
2, 17, 4463
What are the prime factors of 77749?
7, 29, 383
What are the prime factors of 91889?
7, 13127
What are the prime factors of 676004?
2, 7, 3449
What are the prime factors of 834177?
3, 109, 2551
What are the prime factors of 1056366?
2, 3, 58687
What are the prime factors of 193229?
199, 971
What are the prime factors of 81772?
2, 20443
What are the prime factors of 242034?
2, 3, 13, 29, 107
List the prime factors of 215588.
2, 53897
What are the prime factors of 6568438?
2, 47, 69877
What are the prime factors of 391398?
2, 3, 7, 9319
List the prime factors of 3612694.
2, 1806347
What are the prime factors of 61367?
109, 563
What are the prime factors of 810008?
2, 19, 73
List the prime factors of 10253750.
2, 5, 13, 631
List the prime factors of 506333.
506333
What are the prime factors of 550898?
2, 275449
What are the prime factors of 1302056?
2, 7, 23251
What are the prime factors of 2417538?
2, 3, 402923
What are the prime factors of 2691523?
2691523
List the prime factors of 2049913.
73, 28081
What are the prime factors of 243424?
2, 7607
List the prime factors of 4524954.
2, 3, 7, 15391
List the prime factors of 5496250.
2, 5, 4397
List the prime factors of 1489572.
2, 3, 7, 23, 257
List the prime factors of 9358510.
2, 5, 7, 71, 269
List the prime factors of 16298692.
2, 823, 4951
List the prime factors of 21032509.
199, 105691
List the prime factors of 4726108.
2, 1181527
What are the prime factors of 2112502?
2, 7, 150893
List the prime factors of 1280004.
2, 3, 11, 9697
What are the prime factors of 149258?
2, 37, 2017
What are the prime factors of 91107?
3, 53, 191
What are the prime factors of 485079?
3, 7, 23099
What are the prime factors of 9207063?
3, 269, 3803
List the prime factors of 260902.
2, 73, 1787
What are the prime factors of 19549792?
2, 53, 11527
What are the prime factors of 13261637?
167, 79411
List the prime factors of 1100343.
3, 23, 37, 431
What are the prime factors of 1852480?
2, 5, 7, 827
List the prime factors of 7073750.
2, 5, 5659
What are the prime factors of 617197?
7, 37, 2383
What are the prime factors of 13811023?
13811023
What are the prime factors of 1584973?
13, 121921
List the prime factors of 1692106.
2, 13, 151, 431
List the prime factors of 5598306.
2, 3, 7, 157, 283
List the prime factors of 840498.
2, 3, 71, 1973
What are the prime factors of 284015?
5, 43, 1321
List the prime factors of 9627256.
2, 79, 15233
What are the prime factors of 1174401?
3, 130489
What are the prime factors of 377703?
3, 4663
What are the prime factors of 507915?
3, 5, 11287
What are the prime factors of 226929?
3, 67, 1129
What are the prime factors of 10507?
7, 19, 79
What are the prime factors of 1675908?
2, 3, 13, 3581
What are the prime factors of 972376?
2, 121547
List the prime factors of 207554.
2, 157, 661
List the prime factors of 641687.
19, 33773
List the prime factors of 225025.
5, 9001
List the prime factors of 6598523.
6598523
List the prime factors of 128487.
3, 42829
What are the prim